
Let j(s) be the third derivative of s**5/60 - s**4/2 + 13*s**3/6 - 3*s**2 + 9. Suppose 262*b - 265*b + 38 = -4*k, -6 = 3*k. What is j(b)?
-7
Let c = -672 + 665. Let q(k) = -k. Let x(w) = -2*w - 3. Let i(h) = q(h) - x(h). Determine i(c).
-4
Let t(s) = -s**3 + 3*s**2 + s - 4. Let m be t(2). Let v(y) = y**3 - 3*y**2 + 4*y. Give v(m).
4
Suppose 5*b - 52 = -3*i, 4*i - b - 30 = 24. Let x(p) = p**3 - 12*p**2 - 27*p - 24. Calculate x(i).
-10
Suppose 9*s + 20 = 5*s. Let t(r) be the first derivative of -31 - 5*r - 3/2*r**2. What is t(s)?
10
Suppose 2*c = 2*m, 4*c + 4*m + 15 = 3*c. Let t be (c/1)/(14/(-14)). Let z(y) = -y**2 - t + 4 - 3 + 1. Calculate z(-2).
-5
Let p(q) = 113*q - 226. Let y = -15187 - -15189. Give p(y).
0
Let v(i) = 15*i - 10. Let n(u) = -7*u + 5. Let l(f) = -13*n(f) - 6*v(f). Let b = -63 - -55. Let k(y) = -y**3 - 7*y**2 + 7*y - 1. Let t be k(b). Calculate l(t).
2
Let n(m) = -6*m**3 - m. Suppose x = -2*w - 5, 3*x - 7*w + 9 = -10*w. What is n(x)?
7
Let i(w) = -3*w + 2. Let k = 115 + -115. Suppose 0 = -k*u + 4*u - 12. Determine i(u).
-7
Let n(z) = 14*z**2 + 3*z - 2. Let k = 4929 + -4931. What is n(k)?
48
Let a = 11 - 31. Let x = a + 22. Let s(g) = -2*g + 3 + x*g - 2*g. Determine s(5).
-7
Let r(s) = s**3 + 3*s**2 - 5*s. Let p be 104/78*((-15)/(-2))/5. What is r(p)?
10
Let i(n) = -n**2 + n - 6. Suppose -x + 135 = 26*x. Give i(x).
-26
Let n = -399 + 664. Let o = n - 260. Let w(x) = 0*x**2 - 5*x**2 + 5*x - x**2 + x**3. Calculate w(o).
0
Let c(h) = -4*h. Suppose 0 = 4*r + o + 24, 2*o - 14 = 4*r + 10. Let i be r/(-9)*-6 + 11. Let t = i + -6. Determine c(t).
-4
Suppose -3*w + b + 4 = 0, -4*b + 2 + 6 = 0. Let m(i) = 3*i**w + 5*i - i**3 - 102 + 102. Give m(4).
4
Suppose 4*l = -40 + 52. Let s(u) = -3 - 339*u**l + 7*u**2 + 680*u**3 + 4*u - 340*u**3. Determine s(-6).
9
Let h(d) = 3*d**2 - 7*d - d**2 - 4 - 3*d**2. Let j(o) = 4855*o - 4871*o - 60 - 74. Let z be j(-8). Determine h(z).
2
Let t = 34 - 16. Suppose -12 = 4*r, 0*w + 5*r + t = 3*w. Let h be w + -1 - (3 + -1 + 4). Let z(i) = i**2 + 8*i - 7. What is z(h)?
-19
Let j(v) = -v**3 - 7*v**2 - v + 12. Let p be (10/(-14))/(753/5271). Calculate j(p).
-33
Let o = 5841 + -5841. Let a(d) = -d + 1. Let u(x) = x**2 + 2*x - 3. Let h(z) = -3*a(z) + u(z). Let c be h(o). Let n(p) = -p - 8. Calculate n(c).
-2
Suppose -12 = 276*q - 282*q. Let t(i) = 21*i**2 + i**3 - 5*i**2 + 6 - 2*i**q - 4*i**2 + 10*i. What is t(-9)?
-3
Suppose 22*x - 17*x + 39 = -3*g, -28 = 2*g + 4*x. Let y(t) = t**2 + 11*t. Calculate y(g).
-24
Let u(h) = -h**3 - h**2 - 9. Let j = -1318 + 1318. What is u(j)?
-9
Let v = -329 + 333. Suppose 5*b = 192 + 83. Let x(o) = b*o - 57*o - 6 + 4*o**2 + 1 - 3*o**2. Calculate x(v).
3
Suppose -75 = -5*w + f, -4*w = 4*f - 38 - 22. Let z(b) = 13*b**2 + 9*b**2 - w*b**2. Determine z(-1).
7
Let y = 13 + -12. Let h = 72 + -70. Let f(b) = 0 - b + h - 3 + 13*b. Determine f(y).
11
Suppose 116160 = 22*a + 116468. Let n(g) = 12*g**2 + 168*g - 5. Determine n(a).
-5
Let w(q) = 14*q - 22*q - 13 + 9*q + 11 - 10. Suppose -v + 6 = 15. Determine w(v).
-21
Let u be (-4 + (-42)/(-9))/((-4)/30). Let i(v) = v**3 + v**2 - v + 1. Let q(s) = -s**3 + 3*s**2 + 2*s - 2. Let f(w) = -2*i(w) - q(w). Give f(u).
0
Let u(p) = p**3 - 10*p**2 + 8*p - 78. Let g be u(10). Let k(y) = 2*y + 0*y**2 + 6 - y**3 + g*y**2 - 17 + 12. Give k(3).
-2
Let r(a) = a**3 - 3*a**2 - 19*a - 4. Suppose 4*o - 44 = -2*l, -28*l - 102 = -2*o - 39*l. Give r(o).
59
Let o(k) be the first derivative of -2*k**3/3 + 3*k**2 + 4*k - 1. Suppose 0 = -123*v + 30*v - 180*v + 819. Calculate o(v).
4
Let z(l) be the second derivative of l**4/12 - 3*l**3/2 + 8*l**2 + 1693*l. Calculate z(9).
16
Let j(g) = -2*g**3 + 8*g**2 - 2*g. Suppose -5*p + 27 = -i, 40*p - 51 = 3*i + 30*p. What is j(i)?
12
Let z(n) = -n**2 - 3*n + 15. Let l be (6/10)/((-66)/660). Give z(l).
-3
Let o(g) = 2*g**2 - 42*g + 74. Let z(t) = -4*t**2 + 85*t - 146. Let j(l) = 9*o(l) + 5*z(l). Determine j(22).
2
Let s(a) be the second derivative of a**6/120 + a**5/30 + a**3/2 - 17*a**2/2 - 8*a - 11. Let f(k) be the first derivative of s(k). Give f(-3).
-6
Let o(s) = -3*s**2 - 2*s + 1. Let g be o(-2). Let n(t) be the first derivative of -5/2*t**2 + 8*t - 27 - 8/3*t**3 - 1/4*t**4. Determine n(g).
-6
Let l(x) = x**2 + 10*x + 9. Let h(i) = -251*i - 254*i - 5 + 516*i. Let c be h(4). Let d = -46 + c. Determine l(d).
-12
Let q(a) be the third derivative of -a**4/12 - a**3/2 - 2*a**2 + 451*a. Suppose 0 = c - 2. Let u = 5 - c. Calculate q(u).
-9
Let o(r) = -15*r**2 - 162*r - 119. Let p be o(-10). Let v(d) = -77*d + 1. Calculate v(p).
-76
Let x(b) be the second derivative of -b**5/10 + 7*b**4/4 - 3*b**3/2 - b**2 + 3*b + 290. Determine x(10).
8
Let k = 4581 - 4598. Let h(y) = y**3 + 16*y**2 - 13*y + 39. Give h(k).
-29
Let o(p) = 36*p**2 + p + 1. Let v(x) = 215*x**2 + 6*x + 35. Let d(q) = 6*o(q) - v(q). Calculate d(-6).
7
Let i(m) = m**3 + 6*m**2 + 2*m - 3. Let p be i(-4). Let g be (-13 - (-30)/2)/((-2)/(-3)). Let b(o) = -39*o**2 + g + p*o**2 + 17*o**2 + o. Determine b(0).
3
Let j(k) be the second derivative of 7/24*k**4 + 0 - 2*k + 6*k**2 - 5/3*k**3 + 1/60*k**5. Let a(f) be the first derivative of j(f). Calculate a(-8).
-2
Suppose 9*m + 41 = 14*m - v, -v - 34 = -4*m. Let s(c) = c + 2. Let x be s(0). Let t(u) = -1 + 2 + x + u. Determine t(m).
10
Let g(q) = -189*q - 3588. Let u be g(-19). Let s(i) = -2*i**2 + 7*i - 21. Calculate s(u).
-18
Let t(u) = -u**3 - 10*u**2 - 11*u - 13. Let x = 49 - 58. Let s be t(x). Let k be 16/(-40) - 13/s. Let v(f) = f**2 + 3*f - 1. Give v(k).
-1
Let m(n) be the second derivative of 2*n**4/3 + 3*n. Let o(l) = -3*l**2 - 28*l + 110. Let s be o(3). What is m(s)?
8
Let i(b) = b**3 - 33*b**2 - 1. Let m(t) = t**3 + 13*t**2 + 18*t - 11. Let z be m(-11). Calculate i(z).
-1
Let j(b) = 192*b + 13. Let i(t) = -305*t - 19. Let r(o) = -5*i(o) - 8*j(o). Calculate r(-6).
57
Let b(q) be the second derivative of q**3/6 + q**2 - 4*q - 4. Suppose 87 = -m + 97. What is b(m)?
12
Let h(q) = 18*q**2 + 1. Suppose 24 = -3*g + 5*t, 0 = -5*g - t - 1309 + 1325. Calculate h(g).
73
Let i(g) be the third derivative of -g**7/2520 - g**5/60 + g**4/12 + 126*g**2. Let t(x) be the second derivative of i(x). Give t(2).
-6
Suppose -790*x - 4 = -791*x. Let o(n) be the second derivative of 1/12*n**x - 4/3*n**3 - 10*n + 0 + 7/2*n**2. Calculate o(6).
-5
Suppose 18 = -3*s - h, 5*h - h - 8 = 4*s. Let q be 4/s*((-2 - 3) + 0). Let o(i) = -i**2 - i - 2. Determine o(q).
-22
Let w be (2 + -2)/(-2)*(-5)/5. Suppose -3*d - 2*y + 87 = w, 4*y + 9 = 7*y. Let v(k) = k + 4 - d + 14 + 5. What is v(4)?
0
Let i be (-256)/(-86) + (-2817)/(-121131). Let a(t) be the second derivative of t**4/12 + t**2 - t. Calculate a(i).
11
Let x(a) be the second derivative of a**4/12 - a**3/6 + a**2 + a. Let o(i) = i**3 + 7*i**2 + 10*i - 348. Let m be o(5). Give x(m).
4
Let p(i) = -i**2 + 7*i + 3. Let c(l) = -2*l**2 + 15*l + 7. Let k(x) = -2*c(x) + 5*p(x). Let f = 2879 - 2874. What is k(f)?
1
Let s(n) be the second derivative of n**4/12 + 23*n**3/6 + 119*n**2/2 + 2*n + 895. Determine s(-15).
-1
Let p(m) = -70*m - 46 - 46 + 148*m + 131 - 43 - 73*m. Suppose 0 = -2*n + 3 + 13. Give p(n).
36
Let n be (-1)/(1/(-3)) + (897/23 - 43). Let d(p) = -5*p + 7. Calculate d(n).
12
Let l(f) = 4*f**2 - 7*f - 30. Let j(r) = r**2 - 3. Let d(w) = 3*j(w) - l(w). Calculate d(7).
21
Let m(l) be the first derivative of -l**4/4 - 49*l**3/3 + l**2/2 + 42*l - 1249. Calculate m(-49).
-7
Let m(n) = 4*n - 6. Let y(l) = l + 1. Let t(k) = -m(k) + 3*y(k). Suppose 4*v - 183 + 152 = 5*d, -3*d - 55 = -5*v. Determine t(d).
4
Let k(m) = -13*m**3 - 12*m**2 + 62*m + 32. Let n(x) = 5*x**3 + 6*x**2 - 25*x - 15. Let f(s) = 2*k(s) + 5*n(s). Calculate f(3).
13
Let b(y) = -3*y**3 - 15*y**2 - 4*y + 3. Let q = 2372 + -2377. Give b(q).
23
Let q(z) = -z**2 + 15*z - 19. Let m(d) = 34 - 12*d + 18*d - 8*d. Let y be m(10). What is q(y)?
-5
Let c(b) = 15. Let l be (-1)/(-4 + 0 - (-50)/10). Let m(q) = -q - 1. Let g(x) = l*c(x) - m(x). What is g(16)?
2
Let i(g) = -2*g**3 + g**3 + 10*g**2 + 4518 + 21*g**2 + 10*g - 4506 - 22*g**2. Suppose -1 + 31 = 3*n. Calculate i(n).
12
Let s(d) = 2*d**3 + d - 1. Let p = 481 + -490. Let l(t) be the first derivative of -t**4/4 - 8*t**3/3 + 5*t**2 + 10*t - 4. Let h be l(p). Give s(h).
2
Let h be (-1)/((-4)/(